*b + 7*b. Let j be 2/b + (-52)/(-20). Suppose -j*r + 12 = r. List the prime factors of r.
3
Suppose -5*i - 4 = -i. Let s(a) = -1. Let g(b) = b. Let p(o) = -5*g(o) - s(o). List the prime factors of p(i).
2, 3
Let w(q) = -3*q. Let a be w(5). Let h = 9 + a. Let r = 10 + h. What are the prime factors of r?
2
Let z(v) = -v**2 + 7*v - 8. Let r be z(7). Let y = r + 16. List the prime factors of y.
2
Let x be -3 + 5 + (-4)/2. Let o(c) = c + 17. Let v be o(x). Let t = -4 + v. List the prime factors of t.
13
Let c = 11 - 15. List the prime factors of c/(12/(-27)) - 1.
2
Let u = 14 - 12. Suppose 4*v - 3*j - 63 = -0*j, 2*v - u*j - 30 = 0. List the prime factors of v.
2, 3
List the prime factors of 28*((-129)/(-30) - (-2)/10).
2, 3, 7
Suppose 4*d = 3*y - 18, 5*y + d = 3*d + 30. List the prime factors of y.
2, 3
Suppose -4*q = -4*x - 53 - 427, 0 = -5*q - 5*x + 640. List the prime factors of (q/(-4))/(2/(-2)).
31
Let i = 1 + 7. What are the prime factors of i?
2
Let s = 0 + 19. Suppose s + 41 = 5*w. What are the prime factors of w?
2, 3
Suppose -6*m + 7*m - 16 = 0. List the prime factors of m.
2
Let m = 170 - 112. Let w = -38 + m. List the prime factors of w.
2, 5
Let t = 29 + 42. List the prime factors of t.
71
Suppose 0 = 7*n - 0*n - 105. List the prime factors of n.
3, 5
Suppose 12*t - 13*t + 124 = 0. List the prime factors of t.
2, 31
Let x(a) = -a**2 - 2*a - 1. Let v be (4/(-6))/(2/3). Let q be x(v). Suppose d + 1 - 4 = q. What are the prime factors of d?
3
Let s = -10 + 11. Let z = 4 - s. List the prime factors of z.
3
Let w(i) = i**3 - 2*i**2 + i. Let m be (-6)/18*(-1 + -2). Let a be w(m). Suppose -5*t + 0*y + y + 93 = a, 8 = 4*y. What are the prime factors of t?
19
Let i(c) = 13*c**2 + 4*c - 8. List the prime factors of i(4).
2, 3
Suppose y = -2*a + 40, 100 = -2*a + 7*a - 4*y. List the prime factors of a.
2, 5
Suppose 31*j = 30*j + 69. What are the prime factors of j?
3, 23
Let p = 12 + 26. List the prime factors of p.
2, 19
Let b = 10 - 5. Suppose b*a = 6*a - 5. Suppose -a*v + 26 + 64 = 0. What are the prime factors of v?
2, 3
Let w = -7 - -11. Let q(h) = 6*h**3 + 6*h**3 - 2*h + w - 3. List the prime factors of q(1).
11
Let p = -22 + 34. What are the prime factors of p?
2, 3
Let g(b) = -4 + 2 + 0 + 3*b + 4*b. Let f be g(5). Let j = -18 + f. List the prime factors of j.
3, 5
Let u = 7 - 1. List the prime factors of (2/u)/(3/225).
5
Let v be 79 - -1*(0 + -1). Let q = 114 - v. Suppose 5*t + 4 + q = 5*i, 0 = 5*i - t - 52. What are the prime factors of i?
11
Suppose -3*d + 92 = l - 3*l, 3*d - 3*l - 96 = 0. What are the prime factors of d?
2, 7
Let n(o) = o + 9. What are the prime factors of n(13)?
2, 11
Let c(v) = 26*v - 27. What are the prime factors of c(6)?
3, 43
Let h = 83 - 122. Let p = h - -25. What are the prime factors of p/2*(-4 + 3)?
7
Let j = -3 + 1. Let q be (-5)/10 + (-7)/(-2). Let t = q - j. List the prime factors of t.
5
Let f = -35 + 65. Let c = -8 + f. What are the prime factors of c?
2, 11
Let f(m) = 1 - 1 + 6*m - 5. What are the prime factors of f(8)?
43
Suppose 0 = -2*c + c + 82. What are the prime factors of c?
2, 41
Let i(z) = -5*z - 3 - 6 - 9 + 1. What are the prime factors of i(-12)?
43
Let k = -14 - -17. What are the prime factors of k?
3
Let f(m) be the third derivative of -m**5/60 - 7*m**4/24 + 5*m**3/3 - m**2. Suppose -p = 3*y + 24, -4*y + 5 = -3*y - 4*p. What are the prime factors of f(y)?
2, 5
Let f be (-4 - 13) + 1 + -3. Let y = 39 + f. List the prime factors of y.
2, 5
Suppose 0 = -4*q + 5*q - 8. Suppose q = -2*g, -3*o - g - 59 = 50. Let i = o + 53. List the prime factors of i.
2, 3
Let h = 199 - 53. What are the prime factors of h?
2, 73
Let j be (-1)/(((-3)/(-5))/(-3)). List the prime factors of 5/((-9)/j - -2).
5
Let v(y) = y**2 + 5*y + 5. Let k be v(-5). Suppose 0 = -k*a + 4*a + 7. Suppose -3*p = -a*p + 12. What are the prime factors of p?
3
Let v(f) = -49*f. Let t(y) = 10*y. Let d(l) = 14*t(l) + 3*v(l). List the prime factors of d(-1).
7
Suppose -5*n - 12 = -2*f, 2*n - 8 = -4*f + 16. Let t = 6 - f. Suppose 0 = -2*o + 2, 5*b = -t*b + 5*o + 60. List the prime factors of b.
13
Let r(g) = -6*g + 14. What are the prime factors of r(-6)?
2, 5
Let o be 2*(3 - (3 - 2)). Suppose 5*g - 82 = -o*d, 0 = -2*d + 2*g + 37 - 5. What are the prime factors of d?
2, 3
Let r(y) be the first derivative of -7*y**2/2 - 2*y + 1. List the prime factors of r(-3).
19
Let o = -9 - -51. List the prime factors of o.
2, 3, 7
Suppose -4*u - 3*x = 21 - 2, u + 11 = -2*x. What are the prime factors of u/(-3) + (-22)/(-6)?
2
Suppose -5*j + 36 = 6. List the prime factors of 1/j - 141/(-18).
2
Suppose 5*h - 135 = 5*k, -4*k + 106 = 4*h - 10. Let r = h + 18. List the prime factors of r.
2, 23
Let y = -165 + 251. List the prime factors of y.
2, 43
Let p(u) be the first derivative of 1/2*u**2 + 7*u - 2. List the prime factors of p(6).
13
Suppose -20*s = -18*s - 124. What are the prime factors of s?
2, 31
Let x(y) = y**2 + 2*y + 1. Let w be x(-1). Suppose v - 4*v + 6 = w. What are the prime factors of ((-2)/(-4))/(v/32)?
2
Let a(m) = -m**3 - 8*m**2 + 8*m - 7. Let j be a(-9). Let t(h) = 4*h + j*h**3 - h**2 - 3*h**3 + 4*h**2 - 4. What are the prime factors of t(3)?
2
Let x be 11/(-2 - (1 - 2)). Let f = -33 - x. Let t = -10 - f. List the prime factors of t.
2, 3
Let i = -38 - -104. Let s = i + -39. What are the prime factors of s?
3
Suppose z - m + 128 = 0, z + 3*z - 3*m = -516. Let t be ((-6)/4)/(9/z). What are the prime factors of 5*(t/10 + -1)?
2, 3
Let k(r) = r**3 - 6*r**2 - 7*r + 4. Let v be k(7). Suppose v*l + 76 = 2*y, -4*y - 2*l + 52 = -60. What are the prime factors of y?
2, 3, 5
Let y(f) = -f**2 - 4*f - 12. Let s(j) = j. Let v(z) = 5*s(z) - y(z). Let l = -15 - -6. List the prime factors of v(l).
2, 3
Suppose -5 = -0*h + 5*h. Let t = 3 + h. Suppose -t*m + 34 - 8 = 0. What are the prime factors of m?
13
Suppose p = 44 - 6. Let m = p + -22. What are the prime factors of m?
2
Let w = 6 + -2. Suppose -w*n + 25 = -15. What are the prime factors of n?
2, 5
Let w = 109 + -55. Let v = w + -2. What are the prime factors of 1/2 - v/(-8)?
7
Suppose -w + 64 + 20 = 0. List the prime factors of w.
2, 3, 7
Let l = 0 - -14. What are the prime factors of l?
2, 7
Suppose -4*g + 2*u + 1338 = 0, 0*g - 2*u = -5*g + 1671. What are the prime factors of g?
3, 37
Let v(h) be the third derivative of h**6/120 + h**5/6 + 5*h**4/12 - 7*h**3/6 - 7*h**2. List the prime factors of v(-8).
41
Let s = -10 + 30. What are the prime factors of s?
2, 5
List the prime factors of (1940/30)/(1 - (-1)/(-3)).
97
Suppose 4*d + 129 = -219. What are the prime factors of (-1)/(d/(-45) - 2)?
3, 5
Let w(u) = u**2 - 6*u + 7. Let n be (-3 - 12)*2/(-6). What are the prime factors of w(n)?
2
Let b be 6 - -6 - 0/1. Suppose -p + b = -10. List the prime factors of p.
2, 11
Let m = 683 + -229. List the prime factors of m.
2, 227
Let u = -3 + 3. Let r be (u/2 + 1)*5. Suppose r*m + 1 = 26. What are the prime factors of m?
5
Suppose -2*o - 3*o = -30. Let x be 1/1*-2 - o. List the prime factors of 16 - 4/(x/(-6)).
13
Suppose -2*v - p + 119 + 20 = 0, -2*p - 6 = 0. What are the prime factors of v?
71
Let q(v) = -v**3 + 3*v**2 + 6*v - 5. Let w be (-10)/1*(-4)/10. Let s be q(w). Suppose u + s*u = 64. What are the prime factors of u?
2
Let k(w) = -w**2 + w + 2. Let f be k(0). Suppose 4*h + n - 13 = 0, -h - 2*n = f*h - 16. Suppose -h*a + 18 = -0*a. List the prime factors of a.
3
Let d be 2/1 + 1 - 3. Suppose -z - z = -4, -g - 2*z + 6 = d. Suppose -80 = -5*p - 5*j, 3*p - 5*j = g*p + 46. What are the prime factors of p?
3, 7
Suppose 0 = 4*y + 4*u + 76, -4*u - 77 = 4*y - u. Let i = y - -33. List the prime factors of i.
13
Let m be (30/(-25))/((-6)/20). Suppose 5*v = 3*q + 4, v + 3*q = m*v. Suppose x + 3*j = -0*x - 1, 3*x - v*j - 19 = 0. List the prime factors of x.
5
Suppose 175 = -4*d - d. Let f = -23 - d. List the prime factors of 1 - (2 + f)/(-2).
2
List the prime factors of 24/(-42) - 1482/(-21).
2, 5, 7
Let a(b) = -b - 8. Suppose 3*i + p = 25, 5*p + 2 = -i + 1. Let y be a(i). Let j = -9 - y. What are the prime factors of j?
2
Suppose -2 - 10 = -6*i. List the prime factors of i.
2
Suppose 2*u + 1 + 1 = -5*d, 5*d - 5*u - 5 = 0. Suppose 3*c + 4*q - 60 = 0, c + d*c - 28 = -4*q. What are the prime factors of c?
2
Let b(